on factor of 3149 and 47.
47
What is the greatest common divisor of 23 and 29?
1
Calculate the highest common divisor of 121 and 165.
11
Calculate the greatest common divisor of 784 and 5978.
98
Calculate the highest common divisor of 24 and 1740.
12
Calculate the greatest common factor of 65 and 20.
5
What is the greatest common factor of 5 and 95?
5
Calculate the highest common divisor of 990 and 90.
90
Calculate the highest common divisor of 1 and 967.
1
What is the greatest common factor of 6106 and 86?
86
Calculate the greatest common factor of 24 and 228.
12
Calculate the highest common factor of 62 and 93.
31
What is the highest common factor of 18 and 48?
6
Calculate the highest common divisor of 1206 and 18.
18
What is the greatest common factor of 8 and 2344?
8
What is the greatest common divisor of 45 and 5445?
45
What is the greatest common factor of 2 and 149?
1
What is the greatest common factor of 9 and 243?
9
What is the greatest common divisor of 106 and 1060?
106
What is the greatest common factor of 155 and 93?
31
What is the highest common divisor of 442 and 102?
34
What is the highest common divisor of 672 and 1449?
21
What is the highest common divisor of 658 and 5546?
94
Calculate the highest common divisor of 1695 and 15.
15
What is the greatest common factor of 539 and 385?
77
Calculate the greatest common factor of 236 and 22.
2
Calculate the highest common divisor of 132 and 1254.
66
What is the greatest common divisor of 29 and 841?
29
What is the highest common factor of 2220 and 40?
20
Calculate the highest common factor of 10 and 4295.
5
What is the highest common factor of 216 and 2520?
72
What is the greatest common factor of 5082 and 42?
42
Calculate the highest common divisor of 3982 and 22.
22
Calculate the greatest common factor of 428 and 4.
4
What is the greatest common divisor of 1225 and 1372?
49
What is the greatest common divisor of 5936 and 98?
14
What is the highest common factor of 824 and 8?
8
What is the highest common divisor of 27 and 297?
27
Calculate the highest common factor of 6 and 1341.
3
What is the highest common factor of 100 and 450?
50
What is the greatest common factor of 1133 and 352?
11
Calculate the highest common divisor of 1560 and 507.
39
What is the greatest common divisor of 1 and 71?
1
Calculate the greatest common divisor of 906 and 30.
6
What is the greatest common divisor of 574 and 738?
82
What is the greatest common divisor of 1461 and 12?
3
Calculate the greatest common factor of 48 and 1040.
16
What is the highest common divisor of 44 and 3916?
44
Calculate the greatest common factor of 122 and 2.
2
Calculate the highest common factor of 348 and 12.
12
What is the highest common divisor of 50 and 13025?
25
What is the highest common factor of 230 and 130?
10
Calculate the greatest common factor of 414 and 54.
18
Calculate the greatest common divisor of 5546 and 188.
94
Calculate the highest common factor of 53 and 28037.
53
Calculate the highest common divisor of 123 and 15744.
123
Calculate the greatest common factor of 448 and 64.
64
What is the greatest common divisor of 114 and 4902?
114
Calculate the highest common divisor of 30 and 20.
10
What is the greatest common divisor of 475 and 285?
95
Calculate the highest common factor of 5880 and 90.
30
What is the greatest common factor of 33 and 33?
33
What is the greatest common factor of 57456 and 152?
152
Calculate the highest common divisor of 44 and 208.
4
Calculate the greatest common divisor of 158 and 16.
2
Calculate the greatest common divisor of 75 and 1425.
75
Calculate the highest common factor of 33 and 88.
11
What is the highest common factor of 18 and 8469?
9
What is the highest common divisor of 1863 and 1449?
207
Calculate the greatest common factor of 74606 and 14.
14
Calculate the highest common divisor of 4543 and 77.
77
Calculate the greatest common divisor of 4895 and 55.
55
Calculate the greatest common divisor of 124 and 31.
31
Calculate the highest common factor of 3210 and 30.
30
What is the greatest common factor of 473 and 33?
11
Calculate the greatest common factor of 96 and 64.
32
Calculate the greatest common factor of 25 and 5575.
25
What is the highest common factor of 576 and 132?
12
What is the greatest common divisor of 1325 and 106?
53
What is the greatest common divisor of 42 and 1344?
42
Calculate the highest common divisor of 46 and 161.
23
Calculate the highest common divisor of 34 and 1139.
17
What is the highest common divisor of 1415 and 5?
5
What is the highest common divisor of 140 and 3010?
70
Calculate the highest common factor of 12 and 20.
4
Calculate the highest common factor of 539 and 154.
77
What is the highest common factor of 3483 and 43?
43
Calculate the highest common factor of 81 and 135.
27
Calculate the highest common divisor of 20 and 3010.
10
Calculate the greatest common divisor of 18 and 144.
18
What is the highest common divisor of 9065 and 370?
185
What is the highest common divisor of 350 and 1350?
50
What is the greatest common divisor of 185 and 8954?
37
Calculate the highest common factor of 37 and 4033.
37
Calculate the greatest common factor of 30 and 480.
30
What is the highest common divisor of 64 and 112?
16
Calculate the highest common factor of 48 and 4656.
48
What is the highest common divisor of 44 and 484?
44
What is the highest common factor of 18 and 189?
9
What is the greatest common divisor of 87 and 609?
87
What is the greatest common factor of 1183 and 364?
91
Calculate the highest common divisor of 2670 and 30.
30
Calculate the greatest common factor of 58317 and 21.
21
Calculate the highest common factor of 1674 and 270.
54
Calculate the highest common factor of 8 and 172.
4
Calculate the highest common divisor of 2169 and 10604.
241
What is the greatest common factor of 14 and 21?
7
Calculate the greatest common factor of 165 and 627.
33
What is the greatest common divisor of 1863 and 92?
23
What is the highest common divisor of 11336 and 13?
13
Calculate the highest common divisor of 26288 and 248.
248
Calculate the highest common divisor of 28 and 7777.
7
What is the highest common divisor of 779 and 2009?
41
What is the greatest common divisor of 133 and 38?
19
What is the highest common factor of 540 and 504?
36
Calculate the highest common factor of 42 and 315.
21
What is the greatest common factor of 26 and 1222?
26
Calculate the highest common factor of 3990 and 455.
35
Calculate the greatest common divisor of 804 and 12.
12
What is the highest common divisor of 32 and 7648?
32
Calculate the highest common factor of 1498 and 224.
14
Calculate the greatest common divisor of 66664 and 104.
104
Calculate the highest common divisor of 574 and 779.
41
What is the highest common divisor of 19021 and 23?
23
Calculate the highest common factor of 30 and 1230.
30
What is the highest common divisor of 1218 and 336?
42
What is the greatest common divisor of 95390 and 10?
10
What is the highest common factor of 8 and 2064?
8
What is the highest common divisor of 12566 and 122?
122
Calculate the greatest common divisor of 325 and 39.
13
Calculate the highest common factor of 64 and 164.
4
Calculate the greatest common factor of 144 and 120.
24
Calculate the highest common factor of 396 and 1152.
36
What is the highest common factor of 39 and 11505?
39
What is the highest common factor of 139 and 17514?
139
Calculate the greatest common factor of 297 and 11.
11
What is the highest common divisor of 2895 and 45?
15
Calculate the greatest common divisor of 63 and 12726.
63
Calculate the highest common divisor of 15 and 28605.
15
Calculate the greatest common divisor of 6840 and 874.
38
What is the highest common divisor of 638 and 232?
58
Calculate the highest common divisor of 616 and 168.
56
Calculate the greatest common divisor of 950 and 38.
38
What is the greatest common divisor of 1443 and 65?
13
What is the highest common factor of 18 and 18?
18
What is the highest common divisor of 194 and 6014?
194
Calculate the greatest common factor of 1548 and 344.
172
What is the greatest common divisor of 2106 and 624?
78
Calculate the greatest common divisor of 102 and 12.
6
What is the highest common divisor of 1281 and 84?
21
Calcu